 k(d) = 6*d + 56. Let f be k(n). What is the tens digit of (-146)/(f - -3) + 0?
4
Suppose -4*t - 4*p + 16 = 0, -3*t - 5*p + 4 = -6. Let o(y) = 47*y**2 + 8*y - 67. What is the units digit of o(t)?
8
What is the ten thousands digit of 586/((-15)/21 + (-1673)/(-2205))?
1
Suppose -21 = -8*u + 11. Suppose 50 - 1291 = -u*k + o, -o = -2*k + 619. What is the tens digit of k?
1
Let c be (-37)/(-7) - (-8)/(-28). Let y be c/(-1) + (5 - (6 + -1)). Let u(z) = z**3 + 8*z**2 + 3*z - 11. What is the units digit of u(y)?
9
Suppose -76*u + 930160 = -54*u. What is the hundreds digit of u?
2
Let h be 0 - ((-124)/10 - 4/(-10)). Let l be (36/(-16))/9 + 1071/h. Suppose 85*x - l*x = -740. What is the units digit of x?
5
Let t(n) = -163*n + 213. What is the tens digit of t(-22)?
9
Let o(i) = i**2 - 2*i - 4. Let j(p) = p - 22. Let r(v) = 1. Let q(a) = -j(a) - 5*r(a). Let y be q(13). What is the units digit of o(y)?
4
Suppose 30*d - 251388 = 30192. What is the thousands digit of d?
9
Suppose 4*p - 44 = -24. Suppose -4*o - 5*q - 2 = -22, o - q = p. Suppose -o*v + 1078 = 6*v. What is the tens digit of v?
9
Let s be -5*(-4 - 430/25). Let y = 110 - s. What is the tens digit of ((-3426)/72 - (-1)/y)*-3?
4
Let f(w) = 81*w**2 - 267*w + 3771. What is the hundreds digit of f(14)?
9
Suppose 70644 = -112*o + 124*o. What is the units digit of o?
7
Let p(s) = -347*s + 749. What is the hundreds digit of p(-10)?
2
Suppose 0 = -5*t - 3*c - 37, 3*t - 2*c - 5 + 31 = 0. What is the tens digit of t/(-12) - (-12354)/18?
8
Let i be -72 - -7002 - (-2 - 1). What is the units digit of (-12)/(-54) + i/27?
7
Let f = -70 - -72. Suppose 4*m = -4*j + 816, 5*j + f*m - 310 = 701. What is the hundreds digit of j?
2
What is the tens digit of (-54538)/(-2)*(-143)/(-117) + (-22)/(-99)?
2
Suppose b - 3*k + 1 = 2*k, 10 = 3*b - 2*k. Suppose 5*h = 5*a - 1965, 5*h - 229 - 1307 = -b*a. What is the tens digit of a?
8
Let s(b) = -28*b + 150. Let u be s(5). Let c(q) be the third derivative of q**4/3 - 2*q**3/3 - q**2. What is the tens digit of c(u)?
7
Suppose 0 = -63*r - 368818 + 1450528. What is the ten thousands digit of r?
1
Let a(d) = 102*d**2 - 89*d + 11. What is the thousands digit of a(19)?
5
Let f = -3890 - -24286. What is the hundreds digit of f?
3
Let q(a) be the second derivative of -a**3/6 + a**2 - 27*a. Let i be q(-1). Suppose l - i - 52 = 0. What is the units digit of l?
5
Suppose -4*r = 13*t - 18*t + 92048, -5*t = 3*r - 92034. What is the ten thousands digit of t?
1
Suppose -3068 = -4*l - 5*s + 9212, -l - 4*s + 3070 = 0. What is the thousands digit of l?
3
Let b = -12873 + 20450. What is the tens digit of b?
7
Let t = 2237 - 1092. Suppose -4*u = u - t. What is the hundreds digit of u?
2
Suppose 0 = 55*r - 45*r - 30. Suppose 0 = 2*s - 3*j - 2858, r*s + j - 104 = 4205. What is the units digit of s?
5
Let c be 3*(-10)/(-15) - 3. Suppose -d + 2*d = 1. What is the units digit of c - -71 - ((-1 - d) + 2)?
0
Suppose -5*n + 0*n - d + 538 = 0, -d = 3*n - 322. Suppose 2*r = n + 118. Let a = -70 + r. What is the units digit of a?
3
Let m(v) = -v**2 + 3*v - 2. Let o be m(7). Let d = -32 - o. What is the tens digit of d/5 - (-6)/(-5)*-187?
2
Let a(n) be the first derivative of n**3/3 + 9*n**2/2 + 15*n + 15. Let s be a(-7). What is the units digit of 2 - (s*7)/(6/(-78))?
3
Let y = -3731 + 6816. What is the tens digit of y?
8
Suppose 4*d - 629 = -z - 158, -5*z + 15 = 0. Let g = 73 - d. Let i = 172 + g. What is the tens digit of i?
2
Suppose -2637 = -3*t - 18. Let z = t - 389. What is the tens digit of z?
8
Let i be -3 + 38/10 - (-12)/10. Let o(n) = -2*n + 4*n + 21*n**i + 2*n - 1. What is the units digit of o(-2)?
5
Let t(u) = -u - 11. Let b be t(-7). Let f be 10*-1 + b + -1. What is the units digit of f/3*43/(-5)?
3
Let s be ((-4)/8*4)/(1/(-52)). Let h be (-1)/(-2*(14/(-44))/(-7)). Suppose 7*r + s = h*r. What is the tens digit of r?
2
Let q(c) = 2*c**2 + c**2 + 3 - 23 + 4*c + 2*c**2. Let i be q(8). Suppose 5*t = 3*z - 196, -i = -4*z - z + 3*t. What is the tens digit of z?
6
Let v(j) = -618*j + 14 + 1 - 35 - 51. What is the units digit of v(-2)?
5
Let s(x) = 91*x + 138. Let u be s(13). Suppose -13*f + u = 2*a - 8*f, -3*f + 3274 = 5*a. What is the units digit of a?
3
Suppose -7*o - 8 = -113. What is the tens digit of 3*(2410/o - 0)?
8
Let g(m) = 2692*m + 151. What is the ten thousands digit of g(10)?
2
Let p(n) = n**3 + 65*n**2 + 58*n + 1605. What is the ten thousands digit of p(-56)?
2
Let j(z) = z**3 + 10*z**2 + 2. Let n be j(-10). Let f(q) = -7*q**3 + 3*q - 4*q**3 - 2*q**2 + 12*q**3 + 4 - n. What is the tens digit of f(4)?
4
Let a(p) = 2*p**2 - p + 2. Let c be a(2). Suppose 0 = -c*t + 3*t + 15. Suppose t*b - 1089 = -8*b. What is the tens digit of b?
9
Let i(f) = -154*f - 164. Let b be i(-6). Suppose -5*k + 5222 = -c, -4*k + 3414 = -2*c - b. What is the hundreds digit of k?
0
Let a be (3 + -2)/((-3)/(-54)). Suppose 102 = 5*r + 3*j, 80 = 5*r + 2*j - a. Suppose -2*z + r = -3*h, -4*z - h + 0*h = -50. What is the tens digit of z?
1
Suppose -4*d = -4*z + 11 + 57, 4*d - 52 = -2*z. Suppose h - z = 5*h. What is the units digit of (h + 1)*36/(-24)?
6
Let r be (-6)/30 - (31/(-5) + 2). Suppose l = v + 1 - 0, 3*v - r*l = -2. What is the hundreds digit of ((-2564)/24 - (-3)/9)*v?
2
Let m = -274 + 278. Suppose -2169 = -m*f - 3*n, 3*f - n - 1077 = f. What is the units digit of f?
0
Let d = 116 + -120. Let f(x) = -x**3 - 4*x**2 - 5*x - 5. Let v be f(d). Suppose -5*o = -i - 995, 17*i - v*i - 210 = -o. What is the hundreds digit of o?
2
Suppose 2*u = -3*i + 49, 6*i - u = 4*i + 42. Suppose t = -i + 18. Let a = 59 + t. What is the units digit of a?
8
Suppose 335 - 6288 = -c - 5*h, -h + 23755 = 4*c. What is the tens digit of c?
3
Let r(x) = 86*x**2 + 30*x + 16. Let k be r(-8). Suppose 10*i = 2*i + k. Let u = i + -421. What is the hundreds digit of u?
2
Let g be (-21)/(-28) + 9/4. Suppose 2*l - n = 7, 2*l = l - g*n + 14. Suppose l*o + 83 = 328. What is the tens digit of o?
4
Suppose 5*h + 5*m = 145490, -4*m + 0*m = 12. What is the units digit of h?
1
Suppose 0 = 66*y - 99*y - 124*y + 1912417. What is the thousands digit of y?
2
Suppose -4*l + 10*l - 78 = 0. Let y(z) = 8*z**2 + 21*z + 5 - 14 - l - 9*z**2. What is the tens digit of y(16)?
5
Suppose -9 = -4*d + d, r - 4*d = 98. Suppose 1448 = 3*l + r. What is the tens digit of l?
4
Let b = 8012 - 6427. What is the thousands digit of b?
1
Suppose 0 = -7*q + 5*q + 8. What is the tens digit of 20/q + (2 - -569)?
7
Let s(x) = x + 3. Let v be s(0). Suppose 6*l = -4*t + l + 754, -5*l = -v*t + 548. Let h = t - 117. What is the units digit of h?
9
Let p = -212 - -233. Suppose -2768 = 13*k - p*k. What is the units digit of k?
6
Let f = 61336 + -25338. What is the tens digit of f?
9
Let u = -535 - -537. Let g = 51 + 12. What is the tens digit of g/6*(0 + u)?
2
Let f(r) = -52 - r - 4*r + 47 + 13*r**2. What is the hundreds digit of f(-4)?
2
What is the thousands digit of 108148/10 + 5068/(-1810)?
0
Suppose f + 3*q = 2*q + 82, -2*q = -f + 73. Let s be (-2)/4*1 + 2635/(-310). Let l = f + s. What is the units digit of l?
0
What is the hundreds digit of ((-184)/276)/(2/(-10653))?
5
What is the units digit of (0 - 18/(-36))*24602?
1
Let w(x) = 2*x**2 - 3*x + 2. Let n be w(2). Suppose 0 = -5*b + d + 363, -d + 0*d - 291 = -n*b. Let m = b - 33. What is the tens digit of m?
3
Suppose 5*y + 6 = -4*d, 5*y + 0 = 3*d + 22. Suppose 5*u + 24 = -2*m, -y*u + 3 = -5*m + 1. What is the hundreds digit of ((-49)/(-2))/(-1)*u - -2?
1
Let f(n) = 118*n - 90. Let k be f(14). What is the tens digit of k - ((-999)/189 + 4/14)?
6
Let w(b) = 18*b**3 - 4*b**2 - 10*b - 17. Let l be w(-4). Let p = l - -1959. What is the units digit of p?
6
Let b(n) = 186*n**3 + 120*n - 841. What is the ten thousands digit of b(7)?
6
Let w = -3 - -3. Suppose w = -m - 5*i + 458, -2 = -4*i + 5*i. Suppose 15*d = 1668 - m. What is the tens digit of d?
8
Let t(p) = p**3 - 3*p**2 - 5*p + 6. Let v be t(4). Suppose -10 + 35 = -5*l, 0 = v*n - l - 2027. What is the thousands digit of n?
1
Suppose 5*w - 16843 = -4*m, w = 5*m - 3*m + 3363. Suppose -2*k - w = -3*f, -5*f - 4*k + 1113 = -4*f. What is the tens digit of f?
2
Let p = -1629 - 62. Let m = 2417 + p. What is the hundreds digit of m?
7
Let o = -49 - -28. Let m = -1429 + 1423. What is the tens digit o